tors of 824424485.
5, 164884897
What are the prime factors of 174726243?
3, 43, 71, 6359
What are the prime factors of 807227940?
2, 3, 5, 1087, 12377
List the prime factors of 1058296840.
2, 5, 26457421
List the prime factors of 43222078.
2, 733, 29483
List the prime factors of 399984317.
1973, 202729
What are the prime factors of 609025612?
2, 13, 17, 59, 11677
List the prime factors of 7452057694.
2, 173, 733, 29383
What are the prime factors of 2996113410?
2, 3, 5, 33290149
List the prime factors of 2937361.
7, 419623
What are the prime factors of 4513147809?
3, 97, 15509099
List the prime factors of 12093476.
2, 47, 64327
What are the prime factors of 49674420?
2, 3, 5, 275969
What are the prime factors of 46600099?
7, 13, 31, 16519
List the prime factors of 2356652675.
5, 13, 7251239
List the prime factors of 101162689.
101162689
List the prime factors of 556680994.
2, 881, 315937
What are the prime factors of 129964656?
2, 3, 193, 14029
What are the prime factors of 47983711?
83, 578117
List the prime factors of 253937779.
23, 11040773
List the prime factors of 335324253.
3, 11, 10161341
List the prime factors of 802400482.
2, 13, 30861557
List the prime factors of 370777710.
2, 3, 5, 23, 443, 1213
List the prime factors of 1250506031.
71, 2833, 6217
List the prime factors of 4821164173.
7, 59, 173, 67477
What are the prime factors of 67404813?
3, 7, 17, 349, 541
List the prime factors of 47970670.
2, 5, 11, 436097
List the prime factors of 6238330186.
2, 11, 29, 2141, 4567
What are the prime factors of 1647590169?
3, 12119, 45317
List the prime factors of 653578963.
653578963
List the prime factors of 55630318.
2, 127, 219017
What are the prime factors of 3018670822?
2, 1509335411
List the prime factors of 3099487021.
103, 30092107
List the prime factors of 1553248723.
13, 823, 145177
List the prime factors of 57626850.
2, 3, 5, 157, 2447
What are the prime factors of 2152278?
2, 3, 39857
What are the prime factors of 2371955354?
2, 61, 19442257
List the prime factors of 1091821683.
3, 9227, 39443
List the prime factors of 46586890.
2, 5, 7, 665527
What are the prime factors of 249955596?
2, 3, 11, 337, 1873
What are the prime factors of 885376864?
2, 17, 31, 52501
List the prime factors of 62755991.
223, 347, 811
List the prime factors of 386558897.
103, 3752999
What are the prime factors of 14524309?
14524309
List the prime factors of 317722868.
2, 79430717
List the prime factors of 382712185.
5, 2441, 31357
What are the prime factors of 4839353556?
2, 3, 157, 2568659
What are the prime factors of 64354951?
37, 617, 2819
List the prime factors of 16366869.
3, 17, 23, 4651
List the prime factors of 2079223681.
2079223681
List the prime factors of 40388254.
2, 1321, 15287
List the prime factors of 597037498.
2, 997, 299417
What are the prime factors of 140356543?
373, 376291
What are the prime factors of 12263400?
2, 3, 5, 757
List the prime factors of 2611971137.
17, 153645361
What are the prime factors of 774205609?
53, 79, 179, 1033
List the prime factors of 33374668.
2, 8343667
List the prime factors of 127879038.
2, 3, 7, 29, 79, 443
List the prime factors of 34104651.
3, 7, 73, 22247
List the prime factors of 69915396.
2, 3, 1291, 4513
List the prime factors of 457584724.
2, 23, 4973747
What are the prime factors of 119182255?
5, 4271, 5581
What are the prime factors of 800284120?
2, 5, 1987, 10069
What are the prime factors of 46076514?
2, 3, 11, 163, 4283
List the prime factors of 108885093.
3, 577, 62903
List the prime factors of 26146869.
3, 7, 19, 3449
List the prime factors of 359835922.
2, 223, 806807
What are the prime factors of 1248797940?
2, 3, 5, 13, 1601023
What are the prime factors of 10835445?
3, 5, 722363
What are the prime factors of 624104829?
3, 41, 131, 12911
What are the prime factors of 74549598?
2, 3, 37, 335809
List the prime factors of 91634924.
2, 191, 277, 433
List the prime factors of 454822664.
2, 56852833
What are the prime factors of 34299206?
2, 31, 41, 103, 131
List the prime factors of 1749679776.
2, 3, 13, 467329
What are the prime factors of 18613844?
2, 17, 19, 14407
What are the prime factors of 972872307?
3, 11, 893363
What are the prime factors of 49263061?
31, 331, 4801
What are the prime factors of 223228242?
2, 3, 12401569
List the prime factors of 24786352.
2, 487, 3181
What are the prime factors of 36933048?
2, 3, 512959
List the prime factors of 1941421440.
2, 3, 5, 7, 144451
List the prime factors of 441046559.
587, 751357
What are the prime factors of 3848131935?
3, 5, 67, 425443
What are the prime factors of 234778530?
2, 3, 5, 7, 1117993
List the prime factors of 405902848.
2, 13, 4691
What are the prime factors of 441527854?
2, 31, 7121417
What are the prime factors of 323755774?
2, 23, 59, 119291
List the prime factors of 103466292.
2, 3, 8622191
What are the prime factors of 206961479?
2777, 74527
List the prime factors of 77420130.
2, 3, 5, 2580671
What are the prime factors of 518962253?
518962253
What are the prime factors of 287757445?
5, 1291, 44579
What are the prime factors of 4848745?
5, 11, 23, 3833
What are the prime factors of 400043141?
14243, 28087
List the prime factors of 34263076.
2, 127, 67447
What are the prime factors of 35342015?
5, 31, 228013
What are the prime factors of 5707119625?
5, 45656957
List the prime factors of 31587620.
2, 5, 1579381
What are the prime factors of 115097824?
2, 37, 41, 2371
List the prime factors of 753255586.
2, 376627793
List the prime factors of 1283762289.
3, 71, 6027053
List the prime factors of 24523268.
2, 7, 11, 79621
What are the prime factors of 45009255?
3, 5, 3000617
What are the prime factors of 71318246?
2, 35659123
List the prime factors of 764567900.
2, 5, 61, 125339
What are the prime factors of 1607672626?
2, 7, 17, 283, 23869
What are the prime factors of 3245948692?
2, 7, 23, 557, 9049
List the prime factors of 745694550.
2, 3, 5, 1657099
What are the prime factors of 43689491?
107, 223, 1831
What are the prime factors of 184464133?
7, 26352019
List the prime factors of 1581127434.
2, 3, 2351, 37363
List the prime factors of 82892661.
3, 331, 83477
What are the prime factors of 833330877?
3, 839, 331081
What are the prime factors of 50637212?
2, 12659303
What are the prime factors of 228197111?
228197111
What are the prime factors of 211964042?
2, 673, 157477
List the prime factors of 261926342.
2, 130963171
List the prime factors of 507664510.
2, 5, 23, 2207237
What are the prime factors of 840556859?
71, 11838829
List the prime factors of 759148069.
16979, 44711
List the prime factors of 2029206890.
2, 5, 67, 3028667
List the prime factors of 588438177.
3, 196146059
List the prime factors of 7356782.
2, 3678391
List the prime factors of 276419661.
3, 7, 59, 223099
List the prime factors of 422697073.
239, 1768607
What are the prime factors of 218756279?
7, 41, 577, 1321
What are the prime factors of 195730413?
3, 65243471
List the prime factors of 3008904181.
53, 3533, 16069
What are the prime factors of 75606489?
3, 7, 31, 38713
List the prime factors of 984868117.
984868117
What are the prime factors of 72298059?
3, 17, 19, 74611
What are the prime factors of 93937191?
3, 37, 41, 20641
What are the prime factors of 964208035?
5, 7, 31, 79, 1607
List the prime factors of 212935027.
212935027
What are the prime factors of 356467737?
3, 3049, 38971
List the prime factors of 1668532335.
3, 5, 111235489
What are the prime factors of 62097932?
2, 13, 29, 41179
List the prime factors of 42298906.
2, 13, 1626881
What are the prime factors of 130733122?
2, 13, 5028197
List the prime factors of 239908758.
2, 3, 39984793
List the prime factors of 55684501.
55684501
List the prime factors of 6185376992.
2, 311, 621521
What are the prime factors of 259038223?
8219, 31517
List the prime factors of 24530591.
24530591
List the prime factors of 207916683.
3, 13, 641, 8317
What are the prime factors of 52537025?
5, 2101481
What are the prime factors of 80906153?
1103, 73351
List the prime factors of 104841489.
3, 107, 326609
List the prime factors of 726425761.
726425761
List the prime factors of 1848938029.
47, 39339107
What are the prime factors of 19159959?
3, 7, 13, 70183
List the prime factors of 1757597978.
2, 53